{"id":256,"date":"2025-08-20T18:20:43","date_gmt":"2025-08-20T18:20:43","guid":{"rendered":"http:\/\/esely.csongrad.hu\/?page_id=256"},"modified":"2025-08-20T18:33:19","modified_gmt":"2025-08-20T18:33:19","slug":"kozossegi-ellatasok","status":"publish","type":"page","link":"http:\/\/esely.csongrad.hu\/?page_id=256","title":{"rendered":"K\u00f6z\u00f6ss\u00e9gi Ell\u00e1t\u00e1sok"},"content":{"rendered":"\t\t<div data-elementor-type=\"wp-page\" data-elementor-id=\"256\" class=\"elementor elementor-256\">\n\t\t\t\t<div class=\"elementor-element elementor-element-61b6ad2 e-flex e-con-boxed e-con e-parent\" data-id=\"61b6ad2\" data-element_type=\"container\">\n\t\t\t\t\t<div class=\"e-con-inner\">\n\t\t\t\t<div class=\"elementor-element elementor-element-be4f273 elementor-widget elementor-widget-text-editor\" data-id=\"be4f273\" data-element_type=\"widget\" data-widget_type=\"text-editor.default\">\n\t\t\t\t<div class=\"elementor-widget-container\">\n\t\t\t\t\t\t\t\t\t<p><strong><em>Pszichi\u00e1triai betegek k\u00f6z\u00f6ss\u00e9gi ell\u00e1t\u00e1sa<\/em><\/strong>: c\u00e9lja a pszichi\u00e1triai betegek lak\u00f3k\u00f6rnyezetben t\u00f6rt\u00e9n\u0151 gondoz\u00e1sa, tov\u00e1bb\u00e1 gy\u00f3gyul\u00e1suk \u00e9s rehabilit\u00e1ci\u00f3juk el\u0151seg\u00edt\u00e9se. A szolg\u00e1ltat\u00e1s t\u00e9r\u00edt\u00e9smentes, \u00edr\u00e1sban kell k\u00e9relmezni. Az ell\u00e1t\u00e1s ig\u00e9nybev\u00e9tel\u00e9re ir\u00e1nyul\u00f3 k\u00e9relemhez mell\u00e9kelni kell a pszichi\u00e1ter vagy neurol\u00f3gus szakorvos szakv\u00e9lem\u00e9ny\u00e9t a pszichi\u00e1triai betegs\u00e9g fenn\u00e1ll\u00e1s\u00e1r\u00f3l.<\/p><p><strong><em>Szenved\u00e9lybetegek k\u00f6z\u00f6ss\u00e9gi ell\u00e1t\u00e1sa:<\/em><\/strong>\u00a0A szenved\u00e9lybetegek k\u00f6z\u00f6ss\u00e9gi ell\u00e1t\u00e1s\u00e1nak c\u00e9lja, hogy az \u00e1ltala gondozott addiktol\u00f3giai probl\u00e9m\u00e1val k\u00fczd\u0151 ell\u00e1tottak integr\u00e1lt \u00e9s teljes jog\u00fa tagjai maradjanak a t\u00e1rsadalomnak, illetve, ha betegs\u00e9g\u00fckb\u0151l ad\u00f3d\u00f3an m\u00e1r kirekeszt\u0151dtek a t\u00e1rsadalomb\u00f3l, reintegr\u00e1l\u00f3djanak a k\u00f6z\u00f6ss\u00e9gbe.<\/p><p>A szolg\u00e1ltat\u00e1sok t\u00e9r\u00edt\u00e9smentesek, \u00edr\u00e1sban kell k\u00e9relmezni.<\/p><p><strong><em>El\u00e9rhet\u0151s\u00e9g<\/em><\/strong><\/p><p>6640 Csongr\u00e1d, F\u0151 u. 64.<\/p><p>Tel\/fax: 63\/483-016<\/p><p><strong>Szakmai vezet\u0151:<\/strong>\u00a0Kajt\u00e1r Anita, 63\/483-016, 06-20\/229-2855,\u00a0<a href=\"mailto:tamogato@csongrad.hu\">tamogato@csongrad.hu<\/a><\/p>\t\t\t\t\t\t\t\t<\/div>\n\t\t\t\t<\/div>\n\t\t\t\t\t<\/div>\n\t\t\t\t<\/div>\n\t\t\t\t<\/div>\n\t\t","protected":false},"excerpt":{"rendered":"<p>Pszichi\u00e1triai betegek k\u00f6z\u00f6ss\u00e9gi ell\u00e1t\u00e1sa: c\u00e9lja a pszichi\u00e1triai betegek lak\u00f3k\u00f6rnyezetben t\u00f6rt\u00e9n\u0151 gondoz\u00e1sa, tov\u00e1bb\u00e1 gy\u00f3gyul\u00e1suk \u00e9s rehabilit\u00e1ci\u00f3juk el\u0151seg\u00edt\u00e9se. A szolg\u00e1ltat\u00e1s t\u00e9r\u00edt\u00e9smentes, \u00edr\u00e1sban [&hellip;]<\/p>\n","protected":false},"author":2,"featured_media":0,"parent":0,"menu_order":0,"comment_status":"closed","ping_status":"closed","template":"","meta":{"site-sidebar-layout":"no-sidebar","site-content-layout":"","ast-site-content-layout":"normal-width-container","site-content-style":"default","site-sidebar-style":"default","ast-global-header-display":"","ast-banner-title-visibility":"","ast-main-header-display":"","ast-hfb-above-header-display":"","ast-hfb-below-header-display":"","ast-hfb-mobile-header-display":"","site-post-title":"","ast-breadcrumbs-content":"","ast-featured-img":"disabled","footer-sml-layout":"","theme-transparent-header-meta":"","adv-header-id-meta":"","stick-header-meta":"","header-above-stick-meta":"","header-main-stick-meta":"","header-below-stick-meta":"","astra-migrate-meta-layouts":"default","ast-page-background-enabled":"default","ast-page-background-meta":{"desktop":{"background-color":"var(--ast-global-color-5)","background-image":"","background-repeat":"repeat","background-position":"center center","background-size":"auto","background-attachment":"scroll","background-type":"","background-media":"","overlay-type":"","overlay-color":"","overlay-opacity":"","overlay-gradient":""},"tablet":{"background-color":"","background-image":"","background-repeat":"repeat","background-position":"center center","background-size":"auto","background-attachment":"scroll","background-type":"","background-media":"","overlay-type":"","overlay-color":"","overlay-opacity":"","overlay-gradient":""},"mobile":{"background-color":"","background-image":"","background-repeat":"repeat","background-position":"center center","background-size":"auto","background-attachment":"scroll","background-type":"","background-media":"","overlay-type":"","overlay-color":"","overlay-opacity":"","overlay-gradient":""}},"ast-content-background-meta":{"desktop":{"background-color":"var(--ast-global-color-4)","background-image":"","background-repeat":"repeat","background-position":"center center","background-size":"auto","background-attachment":"scroll","background-type":"","background-media":"","overlay-type":"","overlay-color":"","overlay-opacity":"","overlay-gradient":""},"tablet":{"background-color":"var(--ast-global-color-4)","background-image":"","background-repeat":"repeat","background-position":"center center","background-size":"auto","background-attachment":"scroll","background-type":"","background-media":"","overlay-type":"","overlay-color":"","overlay-opacity":"","overlay-gradient":""},"mobile":{"background-color":"var(--ast-global-color-4)","background-image":"","background-repeat":"repeat","background-position":"center center","background-size":"auto","background-attachment":"scroll","background-type":"","background-media":"","overlay-type":"","overlay-color":"","overlay-opacity":"","overlay-gradient":""}},"footnotes":""},"class_list":["post-256","page","type-page","status-publish","hentry"],"_links":{"self":[{"href":"http:\/\/esely.csongrad.hu\/index.php?rest_route=\/wp\/v2\/pages\/256","targetHints":{"allow":["GET"]}}],"collection":[{"href":"http:\/\/esely.csongrad.hu\/index.php?rest_route=\/wp\/v2\/pages"}],"about":[{"href":"http:\/\/esely.csongrad.hu\/index.php?rest_route=\/wp\/v2\/types\/page"}],"author":[{"embeddable":true,"href":"http:\/\/esely.csongrad.hu\/index.php?rest_route=\/wp\/v2\/users\/2"}],"replies":[{"embeddable":true,"href":"http:\/\/esely.csongrad.hu\/index.php?rest_route=%2Fwp%2Fv2%2Fcomments&post=256"}],"version-history":[{"count":5,"href":"http:\/\/esely.csongrad.hu\/index.php?rest_route=\/wp\/v2\/pages\/256\/revisions"}],"predecessor-version":[{"id":302,"href":"http:\/\/esely.csongrad.hu\/index.php?rest_route=\/wp\/v2\/pages\/256\/revisions\/302"}],"wp:attachment":[{"href":"http:\/\/esely.csongrad.hu\/index.php?rest_route=%2Fwp%2Fv2%2Fmedia&parent=256"}],"curies":[{"name":"wp","href":"https:\/\/api.w.org\/{rel}","templated":true}]}}